g + 22, 4*d + 40 = -2*g - d. Let k be (-248 - 2)*6/g. What is the greatest common divisor of k and 20?
20
Let a(l) = l**3 + 3*l**2 + l + 6. Let h be a(-3). Suppose -1 = r - h. Calculate the highest common factor of r and 2.
2
Suppose -12*h + 12 = -10*h. What is the highest common factor of 22 and h?
2
Let h be (-1302)/(-21)*2/8*2. Calculate the greatest common factor of h and 93.
31
Let h = -85 + 113. Let w be h*(3 - 22/8). Calculate the highest common factor of w and 63.
7
Let u(n) = 7*n**2 + 11*n - 1. Let i be u(-2). Let d(c) = 6*c**2 + 4*c + 4 + 2*c**3 - 3*c - 3*c**3. Let k be d(4). What is the highest common factor of i and k?
5
Suppose -5*r + 4*d = -14 - 7, 11 = -5*r - 4*d. Let j(y) = 3*y**2 + 2. Let x be j(r). Calculate the highest common factor of x and 45.
5
Suppose 0*a = 3*g - 3*a - 702, -5*g + 1152 = a. Let b(r) = 4*r + 2*r + 0*r - 3*r. Let l be b(7). What is the highest common factor of l and g?
21
Let l be ((-3)/5)/(2/(-10)). Let v = 388 - 374. Suppose s + v = l*s. Calculate the greatest common factor of 7 and s.
7
Suppose 0 = -2*c - 76*c + 4524. What is the highest common divisor of 783 and c?
29
Let c = 271 - 211. What is the highest common factor of 36 and c?
12
Suppose -12*g + 3856 = -2612. Calculate the highest common factor of g and 22.
11
Let h(w) be the second derivative of w**4/12 - 5*w**3/3 + 10*w**2 - 2*w. Let l be h(14). Calculate the greatest common divisor of 19 and l.
19
Suppose 2*s + 31 = 2*j + 9, 5*j - 2*s - 40 = 0. Suppose 0 = j*t - 8*t + 128. Calculate the greatest common divisor of t and 8.
8
Let l be (-33)/(-6)*(6 + -4). Let f be (l/(-3))/(3/(-72)). Calculate the highest common divisor of 8 and f.
8
Let z(j) = -23*j + 8. Let t be z(-1). What is the highest common factor of 279 and t?
31
Let l be (-6695)/(-117) + 14/(-63). Let u(d) = 13*d - 1. Let p be u(3). Calculate the highest common factor of p and l.
19
Suppose 5*m = -2*b + 4368, -5*m + 5*b = 312 - 4687. What is the highest common divisor of 46 and m?
46
Let j = 727 + -407. What is the highest common factor of 10 and j?
10
Let u = -317 - -501. Calculate the greatest common factor of 8 and u.
8
Let c = -8 + 11. Suppose m = -5*y + 2, -4*y + 5*y = c*m - 70. Suppose 0 = 5*z - z - 176. Calculate the highest common divisor of m and z.
22
Suppose -1768 = -6*g + 1634. What is the highest common divisor of g and 21?
21
Let m(j) = j + 0*j - 7 + 21 + j**3. Let r be m(0). Suppose 0 = -11*x + 33*x - 308. What is the greatest common divisor of r and x?
14
Let g = -699 + 1076. Calculate the highest common divisor of 13 and g.
13
Let s(g) = -g**3 + 76*g**2 - 83*g + 634. Let n be s(75). What is the greatest common factor of n and 646?
34
Let w = 882 + -508. Calculate the greatest common divisor of w and 34.
34
Suppose x - 90 = -5*h, h = -4*h - 4*x + 75. Suppose q - 8 = h. Suppose -4*s + s = -3*d - 81, -s + 3*d = -q. What is the greatest common factor of 3 and s?
3
Suppose -2*c + 4 = 0, 13 = -a + c + 18. Calculate the highest common divisor of 959 and a.
7
Suppose -8*p + 3 = -7*p. Suppose -4*x = 5*f - 0*x + 1, x = f - 7. Let c(g) = g**3 + 2*g. Let w be c(f). What is the highest common factor of p and w?
3
Let k(x) = -10*x - 116. Let a be k(-21). What is the greatest common divisor of 4 and a?
2
Suppose -9*h + 135 = -4*h. Let b = h + -7. What is the highest common factor of b and 10?
10
Let d be (-13 + 8)/(3/(-60)). What is the greatest common factor of 920 and d?
20
Let z(q) = -q**2 - 4*q - 1. Let s be z(-7). Let l be -2*9*4/24. Let w = l - s. What is the highest common factor of w and 76?
19
Suppose 484 = 4*u + 2*a, 5*u - 3*u = -3*a + 242. What is the highest common factor of 33 and u?
11
Let j(w) = 5*w**2 + 2*w + 8. Suppose -3 - 1 = -t. Let q be j(t). Calculate the highest common factor of q and 32.
32
Let b be ((-437)/(-5))/1 + 14/(-35). Let u = b - 83. What is the greatest common divisor of 2 and u?
2
Let x be (-1 - 0/2)*-9. Suppose 0*f - 12 = -3*f. Let u be 1*(-2 + f) + 34. What is the greatest common factor of x and u?
9
Suppose -4*o + 14 = 2*t - t, -5*o + 19 = 2*t. Suppose 3*r - 12 = 0, -2*y - 4*r + 96 = -o*r. What is the greatest common factor of 23 and y?
23
Let p = 40 + -33. Suppose -p*k = 5*k - 156. Let j be 23 - (-6 - (-9)/3). What is the highest common factor of k and j?
13
Let g = 40 + 568. What is the greatest common factor of g and 96?
32
Suppose o - 2*u = 4*o - 124, -1 = u. Let a = -1409 - -1430. Calculate the greatest common divisor of a and o.
21
Suppose 4 = 4*u, -u + 1 + 4 = c. Suppose -d - 2*d = 5*q - 450, -d = c*q - 360. Let o = 16 + -6. Calculate the highest common factor of q and o.
10
Let j = 25 + -44. Let g = 23 + j. What is the greatest common divisor of 12 and g?
4
Suppose -2*j - 31 = -37. Suppose 5*p = j*y - 4*y, -p = -5*y - 26. Let z(w) = -6*w + 6. Let c be z(y). Calculate the greatest common divisor of c and 24.
12
Let o = -51 - -55. Let b = 2 - -1. Suppose -5*v + 0*v + 2*l = -70, -15 = b*l. Calculate the greatest common factor of o and v.
4
Suppose 0 = 43*h + 3*h - 4922. What is the greatest common factor of 3424 and h?
107
Let l be 36*(-4 - 22/(-4)). Suppose -4*j + l = -j. Suppose -2*g = -3*g + 2*x + j, 5*x = 3*g - 54. Calculate the greatest common divisor of 9 and g.
9
Let w = -33 + 178. Suppose 6*z + 13 - w = 0. Calculate the highest common factor of 88 and z.
22
Let z(d) = d**3 - 16*d. Let a be z(7). What is the highest common factor of a and 42?
21
Suppose 4*c - 13 + 5 = 0. Suppose -j = -12 + c. Let w(r) = r**3 - 7*r**2 + 6*r + 5. Let k be w(6). Calculate the highest common factor of k and j.
5
Suppose -6*q = -3*o - 2*q + 251, -5*o - 5*q + 360 = 0. Calculate the greatest common factor of 14 and o.
7
Suppose -2*o - 87 = -343. Let m = 251 - 235. What is the highest common factor of m and o?
16
Let j(t) = 4*t**2 - 15*t + 11. Let z be j(5). What is the highest common factor of 9 and z?
9
Let j = 119 + 21. Let m = -116 + j. Calculate the greatest common divisor of 216 and m.
24
Let v = -101 + 211. Let z(o) = o**2 - 8*o + 1. Let s be z(9). What is the highest common divisor of s and v?
10
Let b(u) = -2*u + 88. Let i be b(12). Calculate the greatest common divisor of 24 and i.
8
Let o(n) = 2*n - 6. Let h be o(10). Let i be h/(-49) - 102/(-14). What is the greatest common factor of 28 and i?
7
Let h(p) = -p**2 + 10*p - 10. Let y(z) = z - 3. Let f be y(11). Let t be h(f). Calculate the highest common divisor of 48 and t.
6
Suppose o + 1672 = 5964. What is the highest common factor of o and 58?
58
Let m = 59 - 3. Let q(k) = 3*k**2 - 19*k - 7. Suppose -3*p + 0*v - v = -20, -5 = 5*v. Let o be q(p). What is the highest common factor of o and m?
7
Suppose -204 = 18*u - 24*u. What is the greatest common divisor of 24 and u?
2
Let o be 5 - 2 - (-9 + -1). Suppose -o*r + 25 = -12*r. Let l be 5*2/30*225. What is the greatest common factor of l and r?
25
Suppose 5*n - 4*n + 2*y = 50, -5*y = -n + 15. What is the greatest common divisor of 340 and n?
20
Let s = 23 + -18. Suppose -i - 5*c = 23, 31 = -0*i + 3*i - s*c. Suppose -f = -i*f, 0 = -4*p + 4*f + 12. Calculate the highest common divisor of 3 and p.
3
Let f(l) = 2*l + 2. Let r be f(0). Let i be (-24)/30 - (168/(-5))/r. What is the greatest common factor of i and 8?
8
Suppose 615 - 12209 = -34*o. Calculate the highest common factor of 31 and o.
31
Let h = -65 - -38. Let p = 36 + h. What is the greatest common divisor of 81 and p?
9
Let i = 1362 - 469. What is the greatest common factor of 94 and i?
47
Suppose -28*t + 4011 = -4165. Calculate the greatest common factor of t and 12.
4
Let k = 189 - 187. Suppose -k*r + 10 = c - 9, -3*r - 3*c + 33 = 0. Let u(p) = -6*p + 4. Let h be u(-6). Calculate the highest common divisor of h and r.
8
Let m(v) = -7*v**3 - 6*v**2 - 22. Let q(p) = -p**3 - p**2 - 1. Let b(r) = -m(r) + 6*q(r). Let z be b(0). What is the highest common factor of z and 64?
16
Let r = 378 - 332. Calculate the greatest common divisor of 368 and r.
46
Let k = -233 + 239. Let g be 6/(-9) + 4/6. Suppose g*c + 6 = -b - 2*c, -5*c - 29 = -b. What is the greatest common divisor of k and b?
2
Let s(w) = w**3 - 6*w**2 + 4. Let y be s(6). Suppose y*c = -2*r - 66, -c - 2*c - r - 52 = 0. Let l = c - -38. Calculate the highest common factor of l and 171.
19
Let n be (8/6)/(34/153). What is the greatest comm